et i(o) = o - 16. Suppose -12*m = -14*m + 26. Let l be i(m). What is y(l)?
-5
Let p be (8/4)/(-1 - 12/(-8)). Let s(h) be the first derivative of 1/3*h**3 + h - 1/2*h**2 - p. Give s(2).
3
Let v(w) = -2*w - 8. Let f(u) = -2*u - 8. Let p(j) = 4*f(j) - 5*v(j). Let r(s) = -s - 4. Let o(q) = -6*p(q) - 13*r(q). Determine o(-6).
-2
Let d(p) = -5*p - 10. Let x(n) = -2*n - 3. Let b = 11 - 18. Let v(c) = b*x(c) + 2*d(c). Give v(-3).
-11
Let q = -3713 - -3720. Let l(c) = -5*c**2 - 22*c + 15. Let r(n) = 2*n**2 + 7*n - 5. Let t(o) = 3*l(o) + 8*r(o). Give t(q).
-16
Let j be (-5 + 6)/(1/7). Let y = j + -2. Let l(g) be the first derivative of -g**3/3 + 3*g**2/2 - 2*g - 2. Give l(y).
-12
Suppose 0 = j + 348 - 351. Let a(w) = -w**2 + w - 3. Calculate a(j).
-9
Let s = 38 - 33. Suppose 4*u + 380 = s*z, 59 + 61 = -u - 5*z. Let m be (-40)/u - 17/5. Let g(p) = -p**3 - 3*p**2 - 2*p - 2. Determine g(m).
4
Suppose 9*t + 28 = 73. Let z(p) = 1. Suppose k + k = -2. Let s(h) = -h**2 + 4. Let b(r) = k*s(r) + t*z(r). Give b(-2).
5
Let r = -97 + 40. Let x = r + 63. Let t(m) = m**3 - 7*m**2 + 9*m. What is t(x)?
18
Let q(p) = -11*p - 5 + 6 + 9*p. Calculate q(4).
-7
Let o(r) = -r**3 - 2*r**2 - 3. Let n be o(-3). Suppose 2*q - 802 = -3*p - p, -2*p + 3*q + 381 = 0. Let c(w) = -3 + 197*w + 4 + 5 - p*w. Calculate c(n).
0
Let n be (-301)/(-60) + (0 - (11 - 6)). Let c(v) be the third derivative of -1/24*v**4 + 0 + 4*v**2 + 0*v - n*v**5 - 1/2*v**3. Determine c(-3).
-9
Suppose 8*u - 3*u - 40 = 5*p, p + 28 = 5*u. Let m(f) be the first derivative of 7*f - f**2 - 5/3*f**3 + 14 + 1/4*f**4. Calculate m(u).
-3
Let n(g) = -g - 11. Suppose -4*k = 3*h + 91, -6*k - 90 = -k - h. Let u = k + 49. Suppose u = i - 6*i. Calculate n(i).
-5
Let f(s) = s**3 - 6*s**2 + 3*s - 4. Let v(d) = -d - 8*d**2 + 21 - 15 + 2*d - 4*d + d**3. Let i be v(8). Let b = i + 24. Determine f(b).
14
Let q(y) be the third derivative of 3*y**2 + 0 + 0*y - 1/6*y**3 - 5/24*y**4 + 1/60*y**5. Calculate q(5).
-1
Suppose -13 - 3 = -4*g. Suppose 3*u - 4*t = 11, -t - 12 + g = u. Let s(l) = l**3 + 4*l**2 + l - 1. What is s(u)?
5
Let n(r) = -2*r**2 + 1179*r - 2*r**2 - 4 + r**3 - 1184*r. Suppose -17 = -p + 3*u - 2*u, u - 34 = -2*p. Suppose 4*x - 3 = p. Calculate n(x).
-4
Suppose 1 = 5*v - 9, 3*v = 5*t + 6. Let f(y) = 3 + t*y**3 - 6 + y**3 + 7*y - 8*y**2 + 0*y**3. Determine f(7).
-3
Let w(b) be the first derivative of -5*b**2/2 - 35*b + 10. Calculate w(-8).
5
Let j(k) = -k**2 + 3*k + 4. Let t = -453 + 457. What is j(t)?
0
Let x(k) = -2 + 4*k**2 + 3 - 295*k**3 - 6*k**2 + 294*k**3. Calculate x(-3).
10
Let b(d) = -d**2 - d + 1. Let q(r) = -2*r. Let i be q(-1). Suppose w + i*w = -12. Give b(w).
-11
Let v(n) = n**2 + 7*n + 1. Let r(g) = 13*g + 4 - 1 - 16*g. Let j be r(3). Determine v(j).
-5
Let i(y) be the second derivative of -y**5/20 - 7*y**4/12 - y**3 - 3*y**2 - 7*y - 1. Determine i(-5).
-26
Let c(f) = f. Suppose -15 = 5*x - 0*z + z, 4*x - 4*z - 12 = 0. Let y be 43/3 + x/6. Let w = 12 - y. Determine c(w).
-2
Let a(c) be the second derivative of -c**4/12 - 3*c**3/2 - 8*c**2 - 391*c. Give a(-11).
-38
Let i(h) = -h**3 + h**2 - 3*h - 29. Let a(l) = l**3 + 2*l + 22. Let b(u) = 5*a(u) + 4*i(u). Suppose -v + 20 = -6*v. Calculate b(v).
2
Let w(y) = -y**3 + 3*y**2 + 6*y + 3. Let p = 112 + -107. Calculate w(p).
-17
Let u(w) be the second derivative of -1/20*w**5 + 2/3*w**4 + 46*w - 4*w**2 + 0 - 7/6*w**3. Give u(7).
-8
Let f(u) be the first derivative of 26*u**3/3 - u**2/2 - u - 348. What is f(1)?
24
Let t(j) be the second derivative of -j**3/3 + 3*j**2/2 + 3*j + 112. Calculate t(-9).
21
Let n(r) = 2*r - 15. Let w(q) = -2*q + 2. Let b(l) = n(l) + 2*w(l). Calculate b(9).
-29
Let l(g) be the second derivative of g**7/2520 + 7*g**6/720 + g**5/15 - 11*g**4/12 + g. Let t(a) be the third derivative of l(a). Calculate t(-6).
2
Suppose 3 = -f + 31. Suppose 3*m = -m + f. Suppose -3*w + 19 = -4*t, 2*t = 2*w - m - 5. Let u(h) = h + 2. Calculate u(w).
7
Let w(r) = r**3 - 2*r**2 + r - 4. Let h be ((-2)/(24/(-18)) + -2)*0. What is w(h)?
-4
Let d(l) = 2*l**2 + 4*l + 3. Let c = 9 - 10. Let a be -6*1/(-3)*c. Calculate d(a).
3
Let p = 6 + -66. Let j = -64 - p. Let o(s) = 14*s - 2. Let q(r) = 9*r - 1. Let c(u) = -5*o(u) + 8*q(u). What is c(j)?
-6
Let s be (10 + 2)*3/(-2). Let p be s/(-10) + 1/5. Let g(q) = -q**2 + 10*q + 6*q + 0*q**2 - 17*q + p*q**3. Give g(-1).
-2
Suppose -57*n = -56*n - 5. Let c be 3 + n/(-5)*1. Let h(s) = -s**3 + s**2 + s - 2. Determine h(c).
-4
Let w(k) = 14*k**2 + 2*k - 1. Let v(g) = -28*g**2 - 3*g + 2. Let n = 19 - 22. Let h(p) = n*v(p) - 5*w(p). Determine h(-1).
14
Let j be 82/8 - (410/40 + -10). Let z(i) = i - 22. Determine z(j).
-12
Let p(x) = -x**2 - 23*x - 27. Let z(m) = m**2 + 21*m + 26. Let v(u) = 3*p(u) + 2*z(u). Give v(-26).
-3
Let r(w) be the third derivative of -w**5/60 + w**4/4 - 7*w**3/6 - 13*w**2. Determine r(6).
-7
Let c = -15 + 23. Let s be 2/((-20)/c + 2). Let d(g) = 2 - 7 - 5*g**2 - 4*g + 0*g - g**3. Calculate d(s).
-5
Suppose 41 = 3*m - 1. Suppose 5*a = m + 11. Suppose -2*w + 17 = a. Let q(f) = -f**2 + 5*f. What is q(w)?
-6
Let m(n) = 3*n + 36. Let g = 1310 - 1320. Give m(g).
6
Let p(u) = -u. Let q = 191 + -202. Calculate p(q).
11
Let f(h) = -1 - 2*h**2 + 11*h + 4*h**2 - 3*h**2 - 5. Give f(10).
4
Suppose -r + 9*i = 8*i - 3, -2*i - 10 = 0. Let j(m) = -m. Let y(t) = -4*t - 1. Let c be 2/(((-2)/(-3))/(-1)). Let u(l) = c*j(l) + y(l). Determine u(r).
1
Suppose -28*h = -29*h + 4. Let o(d) = -d**3 + 4*d**2 - d. Calculate o(h).
-4
Let k(y) = 3*y + 1. Let z = 3 + -5. Let m be 12 + z + (-1)/1. Suppose -m = w - 4*w. What is k(w)?
10
Let b = -16 - -14. Let r(g) = 3*g - 2. Let n(j) = 2*j - 1. Let p(q) = 3*n(q) - r(q). What is p(b)?
-7
Let s(u) = -u**2 - 2*u - 3. Let x = -1 - 4. Let v = x - -2. What is s(v)?
-6
Let j(z) = -z**2 + 6*z + 5. Suppose 24 = 7*a - 3*a. Let u be j(a). Let q(x) = -5*x - 5. Determine q(u).
-30
Let p(v) be the first derivative of v**2 + 6*v + 291. Calculate p(9).
24
Let s(f) = 3*f - 3. Let n(v) = -6*v + 6. Let r(m) = 5*n(m) + 9*s(m). Let l = 17 + -15. Calculate r(l).
-3
Let f(p) = 11*p**3 - 4*p**3 - 8*p**3 - p**2 - 6 + 8*p**2. Give f(7).
-6
Let x(c) = 3*c**3 - 7*c**2 + 4*c + 9. Let r(f) = -5*f**3 + 8*f**2 - 5*f - 11. Let o(w) = -2*r(w) - 3*x(w). Let j = -9 - -4. What is o(j)?
5
Let g(j) be the first derivative of -j**4/4 - 4*j**3/3 - j**2/2 - 4*j - 18. Suppose 3*u = -24 - 3. Let q(y) = -y - 12. Let l be q(u). What is g(l)?
-10
Let m(f) = 12*f + 8. Let o(w) = -14*w - 8. Let d(y) = -6*m(y) - 5*o(y). Let h = 12 + -19. Give d(h).
6
Let z(a) = -2*a**2 - 18*a - 11. Let y = 236 + -244. Determine z(y).
5
Let q(a) = -a**2 + 9*a - 5. Let g(w) = 7*w - 60. Let p be g(18). Let v = 73 - p. What is q(v)?
9
Let v(o) = -5*o**3 + 7*o**2 - 2. Let n(w) = w**3 - w**2 + 1. Let d(r) = -6*n(r) - v(r). Let j(m) = -3*m - 39. Let b be j(-13). Determine d(b).
-4
Let p(h) = 5*h**2 - 4*h**2 + 4*h - 2 + 2. Let r(w) = 6*w + 9. Let k be r(-2). Calculate p(k).
-3
Let r(f) = f**3 - 4*f**2 - 3*f - 3. Suppose -31*p - 4 = -34*p - 2*y, 0 = -5*p - y + 16. Give r(p).
-15
Let o(z) = -z**2 + 0*z**2 + 4*z - 1 + 2*z**2. Let j = 185 - 206. Let m be j/14*8/3. Calculate o(m).
-1
Let z(h) = 8 + 4*h - 9 - 2*h. Let t be z(-3). Let l(r) = 3*r - 6. Let p(f) = -2*f + 7. Let a(g) = 3*l(g) + 4*p(g). What is a(t)?
3
Let w(y) = y**2 - 1. Let d be w(2). Let g be d + (1 - (-2 - -1)). Let f(z) be the first derivative of -z**3/3 + 5*z**2/2 + z + 708. Give f(g).
1
Let a(r) = 3*r + 2. Let d(y) = 11*y + 1. Let x(t) = 4*a(t) - d(t). Calculate x(-12).
-5
Suppose 12*v - 6*v = 24. Suppose 4 = 6*m - 4*m. Let a(k) = 1 - k + k**3 + v*k + 3*k**m + k**2. Calculate a(-3).
1
Suppose 5*y + u = 7, 2 - 10 = -y + 2*u. Let b(p) = y - 1 + 8*p**3 + 2*p**3 - p - 2. Suppose -8*f + 7*f = 1. What is b(f)?
-10
Let f(a) = a**3 - 9*a**2 + 10*a - 11. Let u be f(8). Let x(j) = 19 - 8 - u*j - j + 5*j. Let c be x(6). Let k(m) = -m**3 + 4*m**2 + 6*m - 6. Determine k(c).
-1
Let o(h) = -3*h**2 + 6*h - 3. Let l = -10 + 12. Let q(y) = 4*y**2 - 7*y + 4. Let w(d) = l*q(d) + 3*o(d). Let u(p) = p**3 - 6*p**2 + 4. Let s be u(6). Give w(s).
-1
Let a(f) = -3*f. Let i = 4 - 0. Let m be i*-1 - (13 - 23). Suppose -2*g - 2*h - 2 = 0, m*g - 2*g - 5*h - 14 = 0. Calculate a(g).
-3
Suppose 0 = 9*x - 12 - 15. Let t(r) = 3 - r + x*